{"id":754,"date":"2016-09-08T19:15:15","date_gmt":"2016-09-08T17:15:15","guid":{"rendered":"http:\/\/www.fml-hvt.de\/?page_id=754"},"modified":"2023-10-26T09:50:03","modified_gmt":"2023-10-26T07:50:03","slug":"die-idee","status":"publish","type":"page","link":"https:\/\/www.fml-hvt.de\/?page_id=754","title":{"rendered":"Die Idee"},"content":{"rendered":"\n<h1 class=\"wp-block-heading\">Die Idee<\/h1>\n\n\n\n<figure class=\"wp-block-image\"><a href=\"https:\/\/www.fml-hvt.de\/wp-content\/uploads\/2016\/01\/Hut_Hammer_Bibel_WZ.jpg\"><img loading=\"lazy\" decoding=\"async\" width=\"300\" height=\"168\" src=\"https:\/\/www.fml-hvt.de\/wp-content\/uploads\/2016\/01\/Hut_Hammer_Bibel_WZ-300x168.jpg\" alt=\"Hut_Hammer_Bibel_WZ\" class=\"wp-image-691\" srcset=\"https:\/\/www.fml-hvt.de\/wp-content\/uploads\/2016\/01\/Hut_Hammer_Bibel_WZ-300x168.jpg 300w, https:\/\/www.fml-hvt.de\/wp-content\/uploads\/2016\/01\/Hut_Hammer_Bibel_WZ-768x431.jpg 768w, https:\/\/www.fml-hvt.de\/wp-content\/uploads\/2016\/01\/Hut_Hammer_Bibel_WZ-1024x574.jpg 1024w, https:\/\/www.fml-hvt.de\/wp-content\/uploads\/2016\/01\/Hut_Hammer_Bibel_WZ-128x72.jpg 128w, https:\/\/www.fml-hvt.de\/wp-content\/uploads\/2016\/01\/Hut_Hammer_Bibel_WZ.jpg 2048w\" sizes=\"(max-width: 300px) 100vw, 300px\" \/><\/a><\/figure>\n\n\n\n<p><span class=\"caption\">Als die Bundeswehr im Jahre 1955 gegr\u00fcndet wurde hatte sie nur einen Zweck: Gemeinsam mit den B\u00fcndnispartnern der NATO einen m\u00f6glichen Angriff auf das westliche Europa abzuwehren. Gleichzeitig bestimmte das Grundgesetz, es solle von deutschem Boden nie wieder ein Krieg ausgehen. So entstand eine Armee, die vollst\u00e4ndig auf die ehrenhafte Aufgabe der Landes- und B\u00fcndnisverteidigung ausgelegt war, ein Auftrag, der mit dem Ende des kalten Krieges und der Wiedervereinigung seine Erledigung fand.<\/span><\/p>\n\n\n\n<p><span class=\"caption\">Vor diesem Land, viertgr\u00f6\u00dfte Volkswirtschaft der Welt, mitten im zusammenwachsenden Europa, an der Nahtstelle der alten Bl\u00f6cke, ganz und gar im Wiederbesitz uneingeschr\u00e4nkter Souver\u00e4nit\u00e4t, lagen nunmehr neue Verantwortung und neue Aufgaben. Deutschland wurde dieser Verantwortung gerecht und begann, Soldaten in Eins\u00e4tze auch au\u00dferhalb des klassischen B\u00fcndnisgebietes zu entsenden. Eine schwierige Aufgabe f\u00fcr eine Gesellschaft, die aus ihrer Geschichte heraus nach dem schrecklichsten aller Kriege ein zutiefst pazifistisches Grundverst\u00e4ndnis entwickelt hat.<\/span><\/p>\n\n\n\n<p><span class=\"caption\">Heute sind deutsche Soldaten aus dem Wirken internationaler Mandatsstreitkr\u00e4fte nicht mehr wegzudenken, und sie begegnen fremden Heeren in fremden L\u00e4ndern, Kameraden in anderen Uniformen, die in allen m\u00f6glichen Zungen sprechen. Dies vorausgeschickt, f\u00fchrte ein Blick in die Geschichte&nbsp; deutscher Milit\u00e4r- und Feldlogen zu der Idee, diese alte, in zahlreichen Varianten geschichtlich verb\u00fcrgte Tradition f\u00fcr und mit deutschen Milit\u00e4rs in Potsdam wieder aufleben zu lassen.<\/span><\/p>\n","protected":false},"excerpt":{"rendered":"<p>Die Idee Als die Bundeswehr im Jahre 1955 gegr\u00fcndet wurde hatte sie nur einen Zweck: Gemeinsam mit den B\u00fcndnispartnern der NATO einen m\u00f6glichen Angriff auf das westliche Europa abzuwehren. Gleichzeitig bestimmte das Grundgesetz, es solle von deutschem Boden nie wieder ein Krieg ausgehen. So entstand eine Armee, die vollst\u00e4ndig auf die ehrenhafte Aufgabe der Landes- [&hellip;]<\/p>\n","protected":false},"author":47,"featured_media":0,"parent":0,"menu_order":0,"comment_status":"closed","ping_status":"closed","template":"","meta":{"_acf_changed":false,"_bbp_topic_count":0,"_bbp_reply_count":0,"_bbp_total_topic_count":0,"_bbp_total_reply_count":0,"_bbp_voice_count":0,"_bbp_anonymous_reply_count":0,"_bbp_topic_count_hidden":0,"_bbp_reply_count_hidden":0,"_bbp_forum_subforum_count":0,"footnotes":""},"acf":[],"_links":{"self":[{"href":"https:\/\/www.fml-hvt.de\/index.php?rest_route=\/wp\/v2\/pages\/754"}],"collection":[{"href":"https:\/\/www.fml-hvt.de\/index.php?rest_route=\/wp\/v2\/pages"}],"about":[{"href":"https:\/\/www.fml-hvt.de\/index.php?rest_route=\/wp\/v2\/types\/page"}],"author":[{"embeddable":true,"href":"https:\/\/www.fml-hvt.de\/index.php?rest_route=\/wp\/v2\/users\/47"}],"replies":[{"embeddable":true,"href":"https:\/\/www.fml-hvt.de\/index.php?rest_route=%2Fwp%2Fv2%2Fcomments&post=754"}],"version-history":[{"count":5,"href":"https:\/\/www.fml-hvt.de\/index.php?rest_route=\/wp\/v2\/pages\/754\/revisions"}],"predecessor-version":[{"id":2105,"href":"https:\/\/www.fml-hvt.de\/index.php?rest_route=\/wp\/v2\/pages\/754\/revisions\/2105"}],"wp:attachment":[{"href":"https:\/\/www.fml-hvt.de\/index.php?rest_route=%2Fwp%2Fv2%2Fmedia&parent=754"}],"curies":[{"name":"wp","href":"https:\/\/api.w.org\/{rel}","templated":true}]}}