{"id":759,"date":"2016-09-08T19:18:10","date_gmt":"2016-09-08T17:18:10","guid":{"rendered":"http:\/\/www.fml-hvt.de\/?page_id=759"},"modified":"2023-10-26T09:53:38","modified_gmt":"2023-10-26T07:53:38","slug":"anspruch-und-selbstverstaendnis","status":"publish","type":"page","link":"https:\/\/www.fml-hvt.de\/?page_id=759","title":{"rendered":"Anspruch und Selbstverst\u00e4ndnis"},"content":{"rendered":"\n<h1 class=\"wp-block-heading\">Anspruch und Selbstverst\u00e4ndnis<\/h1>\n\n\n\n<p><strong>Dies ist keine Soldatenloge!<\/strong>&nbsp;Es geht auch nicht einfach darum, freimaurerisch zu arbeiten. Diese Loge wendet sich an alle Br\u00fcder und an alle Suchenden, die sich f\u00fcr den Themenkomplex \u201eDemokratisch verfasstes Milit\u00e4r im 21. Jahrhundert und seine Verantwortung\u201c interessieren, ausgehend von dem Bewusstsein, dass es ohne \u00dcbernahme von Verantwortung keine Freiheit geben kann. Die Einladung zur Mitgliedschaft richtet sich nicht nur an Uniformtr\u00e4ger. Nat\u00fcrlich wendet sie sich nicht zuletzt an die Milit\u00e4rs aller Nationen am Standort Deutschland, aktiv, d.R. oder a.D. Die Verantwortung des Einzelnen f\u00fcr die Gemeinschaft, die St\u00e4rkung verantwortlichen Handelns eines m\u00fcndigen Bruders dort wo er steht, notfalls im Gegensatz zu wohlfeiler \u00f6ffentlicher Meinung, ist das Ideal, dem die Br\u00fcder dieser Loge folgen.<\/p>\n\n\n\n<p>Konsequent bis zum \u00c4u\u00dfersten ist Generalmajor Henning von Tresckow diesem Prinzip gefolgt, in schwerster Zeit. Deshalb und weil aus dem Denken und Handeln der von ihm belebten und angef\u00fchrten milit\u00e4rischen Fronde die modernen deutschen Streitkr\u00e4fte unserer Tage entwuchsen, tr\u00e4gt unsere Loge diesen Namen; nicht um ihn nachtr\u00e4glich zum Bruder Maurer zu machen, sondern sein Andenken zu pflegen. Sein Beispiel skizziert die Form des Steins, den wir dem rauen abringen wollen.<\/p>\n\n\n\n<p>Auch diese Loge ist als Hort der Begegnung frei von jeglichen politischen und religi\u00f6sen Ambitionen. Politik und Religion als Felder br\u00fcderlichen Zwistes sind unter Freimaurern unerw\u00fcnscht, gleichwohl sie als Themen, als Ursprung elementarer Erkenntnis unverzichtbar sind. Weder ist die Zugeh\u00f6rigkeit zu einer Religion oder zu einem Bekenntnis Voraussetzung zur Mitgliedschaft, noch ber\u00fchrt die Freimaurerei pers\u00f6nliche \u00dcberzeugungen oder Konfessionen. Die Milit\u00e4rgeistlichen sind als Br\u00fcder herzlich willkommen.<\/p>\n\n\n\n<p>Eine Schule des Denkens schlie\u00dft jede Weltsicht ein, sofern sie sich dem Prinzip der Akzeptanz des Andersdenkenden unterordnet.<\/p>\n\n\n\n<p>Gelingt es der Loge zu wachsen, gilt ihre Caritas den Hinterbliebenen der gefallenen deutschen Soldaten unserer Tage.<\/p>\n\n\n\n<figure class=\"wp-block-image size-medium\"><img loading=\"lazy\" decoding=\"async\" width=\"300\" height=\"225\" src=\"https:\/\/www.fml-hvt.de\/wp-content\/uploads\/2016\/01\/Deutschland-300x225.jpg\" alt=\"\" class=\"wp-image-693\" srcset=\"https:\/\/www.fml-hvt.de\/wp-content\/uploads\/2016\/01\/Deutschland-300x225.jpg 300w, https:\/\/www.fml-hvt.de\/wp-content\/uploads\/2016\/01\/Deutschland-320x240.jpg 320w, https:\/\/www.fml-hvt.de\/wp-content\/uploads\/2016\/01\/Deutschland.jpg 720w\" sizes=\"(max-width: 300px) 100vw, 300px\" \/><\/figure>\n","protected":false},"excerpt":{"rendered":"<p>Anspruch und Selbstverst\u00e4ndnis Dies ist keine Soldatenloge!&nbsp;Es geht auch nicht einfach darum, freimaurerisch zu arbeiten. Diese Loge wendet sich an alle Br\u00fcder und an alle Suchenden, die sich f\u00fcr den Themenkomplex \u201eDemokratisch verfasstes Milit\u00e4r im 21. Jahrhundert und seine Verantwortung\u201c interessieren, ausgehend von dem Bewusstsein, dass es ohne \u00dcbernahme von Verantwortung keine Freiheit geben kann. [&hellip;]<\/p>\n","protected":false},"author":47,"featured_media":0,"parent":0,"menu_order":0,"comment_status":"closed","ping_status":"closed","template":"","meta":{"_acf_changed":false,"_bbp_topic_count":0,"_bbp_reply_count":0,"_bbp_total_topic_count":0,"_bbp_total_reply_count":0,"_bbp_voice_count":0,"_bbp_anonymous_reply_count":0,"_bbp_topic_count_hidden":0,"_bbp_reply_count_hidden":0,"_bbp_forum_subforum_count":0,"footnotes":""},"acf":[],"_links":{"self":[{"href":"https:\/\/www.fml-hvt.de\/index.php?rest_route=\/wp\/v2\/pages\/759"}],"collection":[{"href":"https:\/\/www.fml-hvt.de\/index.php?rest_route=\/wp\/v2\/pages"}],"about":[{"href":"https:\/\/www.fml-hvt.de\/index.php?rest_route=\/wp\/v2\/types\/page"}],"author":[{"embeddable":true,"href":"https:\/\/www.fml-hvt.de\/index.php?rest_route=\/wp\/v2\/users\/47"}],"replies":[{"embeddable":true,"href":"https:\/\/www.fml-hvt.de\/index.php?rest_route=%2Fwp%2Fv2%2Fcomments&post=759"}],"version-history":[{"count":4,"href":"https:\/\/www.fml-hvt.de\/index.php?rest_route=\/wp\/v2\/pages\/759\/revisions"}],"predecessor-version":[{"id":2108,"href":"https:\/\/www.fml-hvt.de\/index.php?rest_route=\/wp\/v2\/pages\/759\/revisions\/2108"}],"wp:attachment":[{"href":"https:\/\/www.fml-hvt.de\/index.php?rest_route=%2Fwp%2Fv2%2Fmedia&parent=759"}],"curies":[{"name":"wp","href":"https:\/\/api.w.org\/{rel}","templated":true}]}}